{"id":299,"date":"2026-03-18T17:22:44","date_gmt":"2026-03-18T14:22:44","guid":{"rendered":"https:\/\/bienteknik.com\/?post_type=product&#038;p=299"},"modified":"2026-03-18T17:23:06","modified_gmt":"2026-03-18T14:23:06","slug":"35-cm-wallwasher-aydinlatma","status":"publish","type":"product","link":"https:\/\/bienteknik.com\/index.php\/product\/35-cm-wallwasher-aydinlatma\/","title":{"rendered":"35 cm Wallwasher Ayd\u0131nlatma"},"content":{"rendered":"<p>D\u0131\u015f mekan ayd\u0131nlatma \u00fcr\u00fcnleri; istenilen renk ve \u00f6l\u00e7\u00fcde \u00f6zel olarak \u00fcretilmektedir. \u00dcr\u00fcnlerimiz 1 y\u0131l \u00fcretici firma garantilidir.<\/p>\n","protected":false},"excerpt":{"rendered":"<ul>\n<li>35 cm<\/li>\n<li>12 watt<\/li>\n<li>IP 67 koruma<\/li>\n<li>Temperli Cam<\/li>\n<li>Al\u00fcminyum G\u00f6vde<\/li>\n<li>SAMSUNG Dizgi led<\/li>\n<\/ul>\n","protected":false},"featured_media":300,"comment_status":"open","ping_status":"closed","template":"","meta":[],"product_brand":[],"product_cat":[37,32],"product_tag":[68],"class_list":{"0":"post-299","1":"product","2":"type-product","3":"status-publish","4":"has-post-thumbnail","6":"product_cat-siva-ustu-wallwasher","7":"product_cat-wallwasher-aydinlatma","8":"product_tag-bina-aydinlatma","10":"first","11":"instock","12":"sale","13":"taxable","14":"shipping-taxable","15":"purchasable","16":"product-type-simple"},"jetpack_sharing_enabled":true,"_links":{"self":[{"href":"https:\/\/bienteknik.com\/index.php\/wp-json\/wp\/v2\/product\/299","targetHints":{"allow":["GET"]}}],"collection":[{"href":"https:\/\/bienteknik.com\/index.php\/wp-json\/wp\/v2\/product"}],"about":[{"href":"https:\/\/bienteknik.com\/index.php\/wp-json\/wp\/v2\/types\/product"}],"replies":[{"embeddable":true,"href":"https:\/\/bienteknik.com\/index.php\/wp-json\/wp\/v2\/comments?post=299"}],"wp:featuredmedia":[{"embeddable":true,"href":"https:\/\/bienteknik.com\/index.php\/wp-json\/wp\/v2\/media\/300"}],"wp:attachment":[{"href":"https:\/\/bienteknik.com\/index.php\/wp-json\/wp\/v2\/media?parent=299"}],"wp:term":[{"taxonomy":"product_brand","embeddable":true,"href":"https:\/\/bienteknik.com\/index.php\/wp-json\/wp\/v2\/product_brand?post=299"},{"taxonomy":"product_cat","embeddable":true,"href":"https:\/\/bienteknik.com\/index.php\/wp-json\/wp\/v2\/product_cat?post=299"},{"taxonomy":"product_tag","embeddable":true,"href":"https:\/\/bienteknik.com\/index.php\/wp-json\/wp\/v2\/product_tag?post=299"}],"curies":[{"name":"wp","href":"https:\/\/api.w.org\/{rel}","templated":true}]}}