{"id":297,"date":"2026-03-18T17:18:42","date_gmt":"2026-03-18T14:18:42","guid":{"rendered":"https:\/\/bienteknik.com\/?post_type=product&#038;p=297"},"modified":"2026-03-18T17:24:26","modified_gmt":"2026-03-18T14:24:26","slug":"30-cm-wallwasher-aydinlatma","status":"publish","type":"product","link":"https:\/\/bienteknik.com\/index.php\/product\/30-cm-wallwasher-aydinlatma\/","title":{"rendered":"30 cm Wallwasher Ayd\u0131nlatma"},"content":{"rendered":"<p>\u0130stenilen renk ve \u00f6l\u00e7\u00fcde \u00f6zel wallwasher \u00fcretimi yap\u0131l\u0131r.<\/p>\n","protected":false},"excerpt":{"rendered":"<ul>\n<li>30 cm<\/li>\n<li>9 Watt<\/li>\n<li>IP 67 koruma<\/li>\n<li>Temperli Cam<\/li>\n<li>Al\u00fcminyum G\u00f6vde<\/li>\n<li>SAMSUNG Dizgi led<\/li>\n<li>1 y\u0131l garantili<\/li>\n<\/ul>\n","protected":false},"featured_media":298,"comment_status":"open","ping_status":"closed","template":"","meta":[],"product_brand":[33],"product_cat":[37,32],"product_tag":[67,53],"class_list":{"0":"post-297","1":"product","2":"type-product","3":"status-publish","4":"has-post-thumbnail","6":"product_brand-samsung","7":"product_cat-siva-ustu-wallwasher","8":"product_cat-wallwasher-aydinlatma","9":"product_tag-dis-cephe-aydinlatma","10":"product_tag-wallwasher-aydinlatma","12":"first","13":"instock","14":"sale","15":"taxable","16":"shipping-taxable","17":"purchasable","18":"product-type-simple"},"jetpack_sharing_enabled":true,"_links":{"self":[{"href":"https:\/\/bienteknik.com\/index.php\/wp-json\/wp\/v2\/product\/297","targetHints":{"allow":["GET"]}}],"collection":[{"href":"https:\/\/bienteknik.com\/index.php\/wp-json\/wp\/v2\/product"}],"about":[{"href":"https:\/\/bienteknik.com\/index.php\/wp-json\/wp\/v2\/types\/product"}],"replies":[{"embeddable":true,"href":"https:\/\/bienteknik.com\/index.php\/wp-json\/wp\/v2\/comments?post=297"}],"wp:featuredmedia":[{"embeddable":true,"href":"https:\/\/bienteknik.com\/index.php\/wp-json\/wp\/v2\/media\/298"}],"wp:attachment":[{"href":"https:\/\/bienteknik.com\/index.php\/wp-json\/wp\/v2\/media?parent=297"}],"wp:term":[{"taxonomy":"product_brand","embeddable":true,"href":"https:\/\/bienteknik.com\/index.php\/wp-json\/wp\/v2\/product_brand?post=297"},{"taxonomy":"product_cat","embeddable":true,"href":"https:\/\/bienteknik.com\/index.php\/wp-json\/wp\/v2\/product_cat?post=297"},{"taxonomy":"product_tag","embeddable":true,"href":"https:\/\/bienteknik.com\/index.php\/wp-json\/wp\/v2\/product_tag?post=297"}],"curies":[{"name":"wp","href":"https:\/\/api.w.org\/{rel}","templated":true}]}}